{"id":557,"date":"2018-02-13T13:17:15","date_gmt":"2018-02-13T13:17:15","guid":{"rendered":"http:\/\/www.wildigarten.ch\/cms\/?page_id=557"},"modified":"2018-09-06T07:15:31","modified_gmt":"2018-09-06T07:15:31","slug":"faellarbeiten","status":"publish","type":"page","link":"https:\/\/www.wildigarten.ch\/cms\/faellarbeiten\/","title":{"rendered":"F\u00e4llarbeiten"},"content":{"rendered":"<h2 style=\"text-align: center;\"><strong>Baumf\u00e4llungen im Siedlungsraum<\/strong><\/h2>\n<p>Wir pflegen und f\u00e4llen B\u00e4ume jeder Art und Gr\u00f6sse. Auch an unzug\u00e4nglichen Orten wie z.B. zwischen Geb\u00e4uden. Hierbei sch\u00fctzen wir die Umgebungsbepflanzung genauso wie umliegende Bauk\u00f6rper.<\/p>\n<p>Wurzelstr\u00fcnke k\u00f6nnen mit Bagger oder Stockfr\u00e4se entfernt werden und schon kann die Neugestaltung beginnen.<\/p>\n<div class=\"tempo-gallery tempo-gallery-colls-3\"><figure class=\"tempo-gallery-item\"><div class=\"tempo-gallery-thumbnail\"><picture><source media=\"(min-width: 1690px)\"\tsrcset=\"https:\/\/www.wildigarten.ch\/cms\/wp-content\/uploads\/2018\/09\/Fa\u0308llung-420x240.jpg\"><source media=\"(min-width: 481px)\"\t\tsrcset=\"https:\/\/www.wildigarten.ch\/cms\/wp-content\/uploads\/2018\/09\/Fa\u0308llung-315x180.jpg\"><source media=\"(min-width: 316px)\"\t\tsrcset=\"https:\/\/www.wildigarten.ch\/cms\/wp-content\/uploads\/2018\/09\/Fa\u0308llung-420x240.jpg\"><source media=\"(min-width: 1px)\"\t\tsrcset=\"https:\/\/www.wildigarten.ch\/cms\/wp-content\/uploads\/2018\/09\/Fa\u0308llung-315x180.jpg\"><img decoding=\"async\" src=\"https:\/\/www.wildigarten.ch\/cms\/wp-content\/uploads\/2018\/09\/Fa\u0308llung-420x240.jpg\" alt=\"F\u00e4llung\"\/><\/picture><\/div><figcaption><div class=\"tempo-gallery-content\"><div class=\"tempo-gallery-title\">F\u00e4llung<\/div><\/div><\/figcaption><\/figure><figure class=\"tempo-gallery-item\"><div class=\"tempo-gallery-thumbnail\"><picture><source media=\"(min-width: 1690px)\"\tsrcset=\"https:\/\/www.wildigarten.ch\/cms\/wp-content\/uploads\/2018\/02\/DSC02431_winterschnitt-420x240.jpg\"><source media=\"(min-width: 481px)\"\t\tsrcset=\"https:\/\/www.wildigarten.ch\/cms\/wp-content\/uploads\/2018\/02\/DSC02431_winterschnitt-315x180.jpg\"><source media=\"(min-width: 316px)\"\t\tsrcset=\"https:\/\/www.wildigarten.ch\/cms\/wp-content\/uploads\/2018\/02\/DSC02431_winterschnitt-420x240.jpg\"><source media=\"(min-width: 1px)\"\t\tsrcset=\"https:\/\/www.wildigarten.ch\/cms\/wp-content\/uploads\/2018\/02\/DSC02431_winterschnitt-315x180.jpg\"><img decoding=\"async\" src=\"https:\/\/www.wildigarten.ch\/cms\/wp-content\/uploads\/2018\/02\/DSC02431_winterschnitt-420x240.jpg\" alt=\"Baumpflege\"\/><\/picture><\/div><figcaption><div class=\"tempo-gallery-content\"><div class=\"tempo-gallery-title\">Baumpflege<\/div><\/div><\/figcaption><\/figure><figure class=\"tempo-gallery-item\"><div class=\"tempo-gallery-thumbnail\"><picture><source media=\"(min-width: 1690px)\"\tsrcset=\"https:\/\/www.wildigarten.ch\/cms\/wp-content\/uploads\/2018\/09\/Spezialfalla\u0308rbeiten1-420x240.jpg\"><source media=\"(min-width: 481px)\"\t\tsrcset=\"https:\/\/www.wildigarten.ch\/cms\/wp-content\/uploads\/2018\/09\/Spezialfalla\u0308rbeiten1-315x180.jpg\"><source media=\"(min-width: 316px)\"\t\tsrcset=\"https:\/\/www.wildigarten.ch\/cms\/wp-content\/uploads\/2018\/09\/Spezialfalla\u0308rbeiten1-420x240.jpg\"><source media=\"(min-width: 1px)\"\t\tsrcset=\"https:\/\/www.wildigarten.ch\/cms\/wp-content\/uploads\/2018\/09\/Spezialfalla\u0308rbeiten1-315x180.jpg\"><img decoding=\"async\" src=\"https:\/\/www.wildigarten.ch\/cms\/wp-content\/uploads\/2018\/09\/Spezialfalla\u0308rbeiten1-420x240.jpg\" alt=\"Spezialf\u00e4llarbeiten\"\/><\/picture><\/div><figcaption><div class=\"tempo-gallery-content\"><div class=\"tempo-gallery-title\">Spezialf\u00e4llarbeiten<\/div><\/div><\/figcaption><\/figure><div class=\"clearfix clear\"><\/div><\/div>\n","protected":false},"excerpt":{"rendered":"<p>Baumf\u00e4llungen im Siedlungsraum Wir pflegen und f\u00e4llen B\u00e4ume jeder Art und Gr\u00f6sse. Auch an unzug\u00e4nglichen Orten wie z.B. zwischen Geb\u00e4uden. Hierbei sch\u00fctzen wir die Umgebungsbepflanzung genauso wie umliegende Bauk\u00f6rper. Wurzelstr\u00fcnke k\u00f6nnen mit Bagger oder Stockfr\u00e4se entfernt werden und schon kann die Neugestaltung beginnen.<\/p>\n","protected":false},"author":1,"featured_media":589,"parent":0,"menu_order":0,"comment_status":"closed","ping_status":"closed","template":"","meta":{"footnotes":""},"_links":{"self":[{"href":"https:\/\/www.wildigarten.ch\/cms\/wp-json\/wp\/v2\/pages\/557"}],"collection":[{"href":"https:\/\/www.wildigarten.ch\/cms\/wp-json\/wp\/v2\/pages"}],"about":[{"href":"https:\/\/www.wildigarten.ch\/cms\/wp-json\/wp\/v2\/types\/page"}],"author":[{"embeddable":true,"href":"https:\/\/www.wildigarten.ch\/cms\/wp-json\/wp\/v2\/users\/1"}],"replies":[{"embeddable":true,"href":"https:\/\/www.wildigarten.ch\/cms\/wp-json\/wp\/v2\/comments?post=557"}],"version-history":[{"count":6,"href":"https:\/\/www.wildigarten.ch\/cms\/wp-json\/wp\/v2\/pages\/557\/revisions"}],"predecessor-version":[{"id":766,"href":"https:\/\/www.wildigarten.ch\/cms\/wp-json\/wp\/v2\/pages\/557\/revisions\/766"}],"wp:featuredmedia":[{"embeddable":true,"href":"https:\/\/www.wildigarten.ch\/cms\/wp-json\/wp\/v2\/media\/589"}],"wp:attachment":[{"href":"https:\/\/www.wildigarten.ch\/cms\/wp-json\/wp\/v2\/media?parent=557"}],"curies":[{"name":"wp","href":"https:\/\/api.w.org\/{rel}","templated":true}]}}

Fällarbeiten

<h2 style="text-align: center;"><strong>Baumfällungen im Siedlungsraum</strong></h2>
<p>Wir pflegen und fällen Bäume jeder Art und Grösse. Auch an unzugänglichen Orten wie z.B. zwischen Gebäuden. Hierbei schützen wir die Umgebungsbepflanzung genauso wie umliegende Baukörper.</p>
<p>Wurzelstrünke können mit Bagger oder Stockfräse entfernt werden und schon kann die Neugestaltung beginnen.</p>
<div class="tempo-gallery tempo-gallery-colls-3"><figure class="tempo-gallery-item"><div class="tempo-gallery-thumbnail"><picture><source media="(min-width: 1690px)"	srcset="https://www.wildigarten.ch/cms/wp-content/uploads/2018/09/Fällung-420x240.jpg"><source media="(min-width: 481px)"		srcset="https://www.wildigarten.ch/cms/wp-content/uploads/2018/09/Fällung-315x180.jpg"><source media="(min-width: 316px)"		srcset="https://www.wildigarten.ch/cms/wp-content/uploads/2018/09/Fällung-420x240.jpg"><source media="(min-width: 1px)"		srcset="https://www.wildigarten.ch/cms/wp-content/uploads/2018/09/Fällung-315x180.jpg"><img decoding="async" src="https://www.wildigarten.ch/cms/wp-content/uploads/2018/09/Fällung-420x240.jpg" alt="Fällung"/></picture></div><figcaption><div class="tempo-gallery-content"><div class="tempo-gallery-title">Fällung</div></div></figcaption></figure><figure class="tempo-gallery-item"><div class="tempo-gallery-thumbnail"><picture><source media="(min-width: 1690px)"	srcset="https://www.wildigarten.ch/cms/wp-content/uploads/2018/02/DSC02431_winterschnitt-420x240.jpg"><source media="(min-width: 481px)"		srcset="https://www.wildigarten.ch/cms/wp-content/uploads/2018/02/DSC02431_winterschnitt-315x180.jpg"><source media="(min-width: 316px)"		srcset="https://www.wildigarten.ch/cms/wp-content/uploads/2018/02/DSC02431_winterschnitt-420x240.jpg"><source media="(min-width: 1px)"		srcset="https://www.wildigarten.ch/cms/wp-content/uploads/2018/02/DSC02431_winterschnitt-315x180.jpg"><img decoding="async" src="https://www.wildigarten.ch/cms/wp-content/uploads/2018/02/DSC02431_winterschnitt-420x240.jpg" alt="Baumpflege"/></picture></div><figcaption><div class="tempo-gallery-content"><div class="tempo-gallery-title">Baumpflege</div></div></figcaption></figure><figure class="tempo-gallery-item"><div class="tempo-gallery-thumbnail"><picture><source media="(min-width: 1690px)"	srcset="https://www.wildigarten.ch/cms/wp-content/uploads/2018/09/Spezialfallärbeiten1-420x240.jpg"><source media="(min-width: 481px)"		srcset="https://www.wildigarten.ch/cms/wp-content/uploads/2018/09/Spezialfallärbeiten1-315x180.jpg"><source media="(min-width: 316px)"		srcset="https://www.wildigarten.ch/cms/wp-content/uploads/2018/09/Spezialfallärbeiten1-420x240.jpg"><source media="(min-width: 1px)"		srcset="https://www.wildigarten.ch/cms/wp-content/uploads/2018/09/Spezialfallärbeiten1-315x180.jpg"><img decoding="async" src="https://www.wildigarten.ch/cms/wp-content/uploads/2018/09/Spezialfallärbeiten1-420x240.jpg" alt="Spezialfällarbeiten"/></picture></div><figcaption><div class="tempo-gallery-content"><div class="tempo-gallery-title">Spezialfällarbeiten</div></div></figcaption></figure><div class="clearfix clear"></div></div>

<p>Baumfällungen im Siedlungsraum Wir pflegen und fällen Bäume jeder Art und Grösse. Auch an unzugänglichen Orten wie z.B. zwischen Gebäuden. Hierbei schützen wir die Umgebungsbepflanzung genauso wie umliegende Baukörper. Wurzelstrünke können mit Bagger oder Stockfräse entfernt werden und schon kann die Neugestaltung beginnen.</p>
