{"id":439,"date":"2018-02-08T07:49:58","date_gmt":"2018-02-08T07:49:58","guid":{"rendered":"http:\/\/www.wildigarten.ch\/cms\/?page_id=439"},"modified":"2023-11-14T18:05:12","modified_gmt":"2023-11-14T18:05:12","slug":"gartenunterhalt","status":"publish","type":"page","link":"https:\/\/www.wildigarten.ch\/cms\/gartenunterhalt\/","title":{"rendered":"Gartenpflege"},"content":{"rendered":"<h2 id=\"subtitle\" style=\"text-align: center;\"><strong>Den Lebensraum Garten geniessen<br \/><\/strong><\/h2>\n<div id=\"text\">Ein Garten befindet sich das ganze Jahr \u00fcber im Wandel. Grosse und kleine Zyklen vereinen sich zum Gesamten. Knospen wollen zu Bl\u00fcten und Bl\u00fcten zu Fr\u00fcchten werden.<br \/>\u00dcberlassen Sie uns die Pflege und erfreuen Sie sich der Sch\u00f6nheit Ihres Gartens zu jeder Jahreszeit.<\/div>\n<div>Wo sinnvoll und m\u00f6glich arbeiten wir mit\u00a0akkubetriebenen Maschinen. Somit lassen sich die L\u00e4rmemissionen auf ein Minimum reduzieren. Hierzu verf\u00fcgen wir \u00fcber das modernste und leistungsst\u00e4rkste Akkusystem.<\/div>\n<div>\n<p><strong>Wir f\u00fchren aus:<\/strong><br \/>\u2022 Ganzjahrespflege, alles zur richtigen Zeit<br \/>\u2022 Str\u00e4ucher- und Baumschnitt<br \/>\u2022 Obst- und Beerenschnitt<br \/>\u2022 Heckenschnitt<br \/>\u2022 F\u00e4llarbeiten<br \/>\u2022 Moorbeetpflege<br \/>\u2022 Stauden- und Rabattenpflege<br \/>\u2022 Rasenpflege und Rasensanierung<br \/>\u2022 Rosenpflege<br \/>\u2022 Biotop- und Teichpflege<br \/>\u2022 Belagsreinigung<br \/>\u2022 D\u00fcngung<br \/>\u2022 Pflanzenschutz<br \/>\u2022 und vieles mehr<\/p>\n<div class=\"tempo-gallery tempo-gallery-colls-3\"><figure class=\"tempo-gallery-item\"><div class=\"tempo-gallery-thumbnail\"><picture><source media=\"(min-width: 1690px)\"\tsrcset=\"https:\/\/www.wildigarten.ch\/cms\/wp-content\/uploads\/2018\/02\/DSC03873_gartenberatung-420x240.jpg\"><source media=\"(min-width: 481px)\"\t\tsrcset=\"https:\/\/www.wildigarten.ch\/cms\/wp-content\/uploads\/2018\/02\/DSC03873_gartenberatung-315x180.jpg\"><source media=\"(min-width: 316px)\"\t\tsrcset=\"https:\/\/www.wildigarten.ch\/cms\/wp-content\/uploads\/2018\/02\/DSC03873_gartenberatung-420x240.jpg\"><source media=\"(min-width: 1px)\"\t\tsrcset=\"https:\/\/www.wildigarten.ch\/cms\/wp-content\/uploads\/2018\/02\/DSC03873_gartenberatung-315x180.jpg\"><img decoding=\"async\" src=\"https:\/\/www.wildigarten.ch\/cms\/wp-content\/uploads\/2018\/02\/DSC03873_gartenberatung-420x240.jpg\" alt=\"Gartenpflege\"\/><\/picture><\/div><figcaption><div class=\"tempo-gallery-content\"><div class=\"tempo-gallery-title\">Gartenpflege<\/div><\/div><\/figcaption><\/figure><figure class=\"tempo-gallery-item\"><div class=\"tempo-gallery-thumbnail\"><picture><source media=\"(min-width: 1690px)\"\tsrcset=\"https:\/\/www.wildigarten.ch\/cms\/wp-content\/uploads\/2018\/09\/Gartenpflege1-420x240.jpg\"><source media=\"(min-width: 481px)\"\t\tsrcset=\"https:\/\/www.wildigarten.ch\/cms\/wp-content\/uploads\/2018\/09\/Gartenpflege1-315x180.jpg\"><source media=\"(min-width: 316px)\"\t\tsrcset=\"https:\/\/www.wildigarten.ch\/cms\/wp-content\/uploads\/2018\/09\/Gartenpflege1-420x240.jpg\"><source media=\"(min-width: 1px)\"\t\tsrcset=\"https:\/\/www.wildigarten.ch\/cms\/wp-content\/uploads\/2018\/09\/Gartenpflege1-315x180.jpg\"><img decoding=\"async\" src=\"https:\/\/www.wildigarten.ch\/cms\/wp-content\/uploads\/2018\/09\/Gartenpflege1-420x240.jpg\" alt=\"Gartenpflege\"\/><\/picture><\/div><figcaption><div class=\"tempo-gallery-content\"><div class=\"tempo-gallery-title\">Gartenpflege<\/div><\/div><\/figcaption><\/figure><figure class=\"tempo-gallery-item\"><div class=\"tempo-gallery-thumbnail\"><picture><source media=\"(min-width: 1690px)\"\tsrcset=\"https:\/\/www.wildigarten.ch\/cms\/wp-content\/uploads\/2018\/09\/sommerflor_2-420x240.jpg\"><source media=\"(min-width: 481px)\"\t\tsrcset=\"https:\/\/www.wildigarten.ch\/cms\/wp-content\/uploads\/2018\/09\/sommerflor_2-315x180.jpg\"><source media=\"(min-width: 316px)\"\t\tsrcset=\"https:\/\/www.wildigarten.ch\/cms\/wp-content\/uploads\/2018\/09\/sommerflor_2-420x240.jpg\"><source media=\"(min-width: 1px)\"\t\tsrcset=\"https:\/\/www.wildigarten.ch\/cms\/wp-content\/uploads\/2018\/09\/sommerflor_2-315x180.jpg\"><img decoding=\"async\" src=\"https:\/\/www.wildigarten.ch\/cms\/wp-content\/uploads\/2018\/09\/sommerflor_2-420x240.jpg\" alt=\"Sommerblumen\"\/><\/picture><\/div><figcaption><div class=\"tempo-gallery-content\"><div class=\"tempo-gallery-title\">Sommerblumen<\/div><\/div><\/figcaption><\/figure><figure class=\"tempo-gallery-item\"><div class=\"tempo-gallery-thumbnail\"><picture><source media=\"(min-width: 1690px)\"\tsrcset=\"https:\/\/www.wildigarten.ch\/cms\/wp-content\/uploads\/2018\/09\/Rasenpflege6-420x240.jpg\"><source media=\"(min-width: 481px)\"\t\tsrcset=\"https:\/\/www.wildigarten.ch\/cms\/wp-content\/uploads\/2018\/09\/Rasenpflege6-315x180.jpg\"><source media=\"(min-width: 316px)\"\t\tsrcset=\"https:\/\/www.wildigarten.ch\/cms\/wp-content\/uploads\/2018\/09\/Rasenpflege6-420x240.jpg\"><source media=\"(min-width: 1px)\"\t\tsrcset=\"https:\/\/www.wildigarten.ch\/cms\/wp-content\/uploads\/2018\/09\/Rasenpflege6-315x180.jpg\"><img decoding=\"async\" src=\"https:\/\/www.wildigarten.ch\/cms\/wp-content\/uploads\/2018\/09\/Rasenpflege6-420x240.jpg\" alt=\"Rasenpflege\"\/><\/picture><\/div><figcaption><div class=\"tempo-gallery-content\"><div class=\"tempo-gallery-title\">Rasenpflege<\/div><\/div><\/figcaption><\/figure><figure class=\"tempo-gallery-item\"><div class=\"tempo-gallery-thumbnail\"><picture><source media=\"(min-width: 1690px)\"\tsrcset=\"https:\/\/www.wildigarten.ch\/cms\/wp-content\/uploads\/2018\/02\/DSC03406_gartenberatung-420x240.jpg\"><source media=\"(min-width: 481px)\"\t\tsrcset=\"https:\/\/www.wildigarten.ch\/cms\/wp-content\/uploads\/2018\/02\/DSC03406_gartenberatung-315x180.jpg\"><source media=\"(min-width: 316px)\"\t\tsrcset=\"https:\/\/www.wildigarten.ch\/cms\/wp-content\/uploads\/2018\/02\/DSC03406_gartenberatung-420x240.jpg\"><source media=\"(min-width: 1px)\"\t\tsrcset=\"https:\/\/www.wildigarten.ch\/cms\/wp-content\/uploads\/2018\/02\/DSC03406_gartenberatung-315x180.jpg\"><img decoding=\"async\" src=\"https:\/\/www.wildigarten.ch\/cms\/wp-content\/uploads\/2018\/02\/DSC03406_gartenberatung-420x240.jpg\" alt=\"Gartenpflege\"\/><\/picture><\/div><figcaption><div class=\"tempo-gallery-content\"><div class=\"tempo-gallery-title\">Gartenpflege<\/div><\/div><\/figcaption><\/figure><figure class=\"tempo-gallery-item\"><div class=\"tempo-gallery-thumbnail\"><picture><source media=\"(min-width: 1690px)\"\tsrcset=\"https:\/\/www.wildigarten.ch\/cms\/wp-content\/uploads\/2018\/09\/hecke_geschnitten-420x240.jpg\"><source media=\"(min-width: 481px)\"\t\tsrcset=\"https:\/\/www.wildigarten.ch\/cms\/wp-content\/uploads\/2018\/09\/hecke_geschnitten-315x180.jpg\"><source media=\"(min-width: 316px)\"\t\tsrcset=\"https:\/\/www.wildigarten.ch\/cms\/wp-content\/uploads\/2018\/09\/hecke_geschnitten-420x240.jpg\"><source media=\"(min-width: 1px)\"\t\tsrcset=\"https:\/\/www.wildigarten.ch\/cms\/wp-content\/uploads\/2018\/09\/hecke_geschnitten-315x180.jpg\"><img decoding=\"async\" src=\"https:\/\/www.wildigarten.ch\/cms\/wp-content\/uploads\/2018\/09\/hecke_geschnitten-420x240.jpg\" alt=\"Hecke geschnitten\"\/><\/picture><\/div><figcaption><div class=\"tempo-gallery-content\"><div class=\"tempo-gallery-title\">Hecke geschnitten<\/div><\/div><\/figcaption><\/figure><figure class=\"tempo-gallery-item\"><div class=\"tempo-gallery-thumbnail\"><picture><source media=\"(min-width: 1690px)\"\tsrcset=\"https:\/\/www.wildigarten.ch\/cms\/wp-content\/uploads\/2018\/09\/pflege_sitzplatz-420x240.jpg\"><source media=\"(min-width: 481px)\"\t\tsrcset=\"https:\/\/www.wildigarten.ch\/cms\/wp-content\/uploads\/2018\/09\/pflege_sitzplatz-315x180.jpg\"><source media=\"(min-width: 316px)\"\t\tsrcset=\"https:\/\/www.wildigarten.ch\/cms\/wp-content\/uploads\/2018\/09\/pflege_sitzplatz-420x240.jpg\"><source media=\"(min-width: 1px)\"\t\tsrcset=\"https:\/\/www.wildigarten.ch\/cms\/wp-content\/uploads\/2018\/09\/pflege_sitzplatz-315x180.jpg\"><img decoding=\"async\" src=\"https:\/\/www.wildigarten.ch\/cms\/wp-content\/uploads\/2018\/09\/pflege_sitzplatz-420x240.jpg\" alt=\"Sanierter Sitzplatz\"\/><\/picture><\/div><figcaption><div class=\"tempo-gallery-content\"><div class=\"tempo-gallery-title\">Sanierter Sitzplatz<\/div><\/div><\/figcaption><\/figure><div class=\"clearfix clear\"><\/div><\/div>\n<\/div>\n\n\n\n","protected":false},"excerpt":{"rendered":"<p>Den Lebensraum Garten geniessen Ein Garten befindet sich das ganze Jahr \u00fcber im Wandel. Grosse und kleine Zyklen vereinen sich zum Gesamten. Knospen wollen zu Bl\u00fcten und Bl\u00fcten zu Fr\u00fcchten werden.\u00dcberlassen Sie uns die Pflege und erfreuen Sie sich der Sch\u00f6nheit Ihres Gartens zu jeder Jahreszeit. Wo sinnvoll und m\u00f6glich arbeiten wir mit\u00a0akkubetriebenen Maschinen. Somit [&hellip;]<\/p>\n","protected":false},"author":1,"featured_media":734,"parent":0,"menu_order":0,"comment_status":"closed","ping_status":"closed","template":"","meta":{"footnotes":""},"_links":{"self":[{"href":"https:\/\/www.wildigarten.ch\/cms\/wp-json\/wp\/v2\/pages\/439"}],"collection":[{"href":"https:\/\/www.wildigarten.ch\/cms\/wp-json\/wp\/v2\/pages"}],"about":[{"href":"https:\/\/www.wildigarten.ch\/cms\/wp-json\/wp\/v2\/types\/page"}],"author":[{"embeddable":true,"href":"https:\/\/www.wildigarten.ch\/cms\/wp-json\/wp\/v2\/users\/1"}],"replies":[{"embeddable":true,"href":"https:\/\/www.wildigarten.ch\/cms\/wp-json\/wp\/v2\/comments?post=439"}],"version-history":[{"count":16,"href":"https:\/\/www.wildigarten.ch\/cms\/wp-json\/wp\/v2\/pages\/439\/revisions"}],"predecessor-version":[{"id":1054,"href":"https:\/\/www.wildigarten.ch\/cms\/wp-json\/wp\/v2\/pages\/439\/revisions\/1054"}],"wp:featuredmedia":[{"embeddable":true,"href":"https:\/\/www.wildigarten.ch\/cms\/wp-json\/wp\/v2\/media\/734"}],"wp:attachment":[{"href":"https:\/\/www.wildigarten.ch\/cms\/wp-json\/wp\/v2\/media?parent=439"}],"curies":[{"name":"wp","href":"https:\/\/api.w.org\/{rel}","templated":true}]}}

<h2 id="subtitle" style="text-align: center;"><strong>Den Lebensraum Garten geniessen<br /></strong></h2>
<div id="text">Ein Garten befindet sich das ganze Jahr über im Wandel. Grosse und kleine Zyklen vereinen sich zum Gesamten. Knospen wollen zu Blüten und Blüten zu Früchten werden.<br />Überlassen Sie uns die Pflege und erfreuen Sie sich der Schönheit Ihres Gartens zu jeder Jahreszeit.</div>
<div>Wo sinnvoll und möglich arbeiten wir mit akkubetriebenen Maschinen. Somit lassen sich die Lärmemissionen auf ein Minimum reduzieren. Hierzu verfügen wir über das modernste und leistungsstärkste Akkusystem.</div>
<div>
<p><strong>Wir führen aus:</strong><br />• Ganzjahrespflege, alles zur richtigen Zeit<br />• Sträucher- und Baumschnitt<br />• Obst- und Beerenschnitt<br />• Heckenschnitt<br />• Fällarbeiten<br />• Moorbeetpflege<br />• Stauden- und Rabattenpflege<br />• Rasenpflege und Rasensanierung<br />• Rosenpflege<br />• Biotop- und Teichpflege<br />• Belagsreinigung<br />• Düngung<br />• Pflanzenschutz<br />• und vieles mehr</p>
<div class="tempo-gallery tempo-gallery-colls-3"><figure class="tempo-gallery-item"><div class="tempo-gallery-thumbnail"><picture><source media="(min-width: 1690px)"	srcset="https://www.wildigarten.ch/cms/wp-content/uploads/2018/02/DSC03873_gartenberatung-420x240.jpg"><source media="(min-width: 481px)"		srcset="https://www.wildigarten.ch/cms/wp-content/uploads/2018/02/DSC03873_gartenberatung-315x180.jpg"><source media="(min-width: 316px)"		srcset="https://www.wildigarten.ch/cms/wp-content/uploads/2018/02/DSC03873_gartenberatung-420x240.jpg"><source media="(min-width: 1px)"		srcset="https://www.wildigarten.ch/cms/wp-content/uploads/2018/02/DSC03873_gartenberatung-315x180.jpg"><img decoding="async" src="https://www.wildigarten.ch/cms/wp-content/uploads/2018/02/DSC03873_gartenberatung-420x240.jpg" alt="Gartenpflege"/></picture></div><figcaption><div class="tempo-gallery-content"><div class="tempo-gallery-title">Gartenpflege</div></div></figcaption></figure><figure class="tempo-gallery-item"><div class="tempo-gallery-thumbnail"><picture><source media="(min-width: 1690px)"	srcset="https://www.wildigarten.ch/cms/wp-content/uploads/2018/09/Gartenpflege1-420x240.jpg"><source media="(min-width: 481px)"		srcset="https://www.wildigarten.ch/cms/wp-content/uploads/2018/09/Gartenpflege1-315x180.jpg"><source media="(min-width: 316px)"		srcset="https://www.wildigarten.ch/cms/wp-content/uploads/2018/09/Gartenpflege1-420x240.jpg"><source media="(min-width: 1px)"		srcset="https://www.wildigarten.ch/cms/wp-content/uploads/2018/09/Gartenpflege1-315x180.jpg"><img decoding="async" src="https://www.wildigarten.ch/cms/wp-content/uploads/2018/09/Gartenpflege1-420x240.jpg" alt="Gartenpflege"/></picture></div><figcaption><div class="tempo-gallery-content"><div class="tempo-gallery-title">Gartenpflege</div></div></figcaption></figure><figure class="tempo-gallery-item"><div class="tempo-gallery-thumbnail"><picture><source media="(min-width: 1690px)"	srcset="https://www.wildigarten.ch/cms/wp-content/uploads/2018/09/sommerflor_2-420x240.jpg"><source media="(min-width: 481px)"		srcset="https://www.wildigarten.ch/cms/wp-content/uploads/2018/09/sommerflor_2-315x180.jpg"><source media="(min-width: 316px)"		srcset="https://www.wildigarten.ch/cms/wp-content/uploads/2018/09/sommerflor_2-420x240.jpg"><source media="(min-width: 1px)"		srcset="https://www.wildigarten.ch/cms/wp-content/uploads/2018/09/sommerflor_2-315x180.jpg"><img decoding="async" src="https://www.wildigarten.ch/cms/wp-content/uploads/2018/09/sommerflor_2-420x240.jpg" alt="Sommerblumen"/></picture></div><figcaption><div class="tempo-gallery-content"><div class="tempo-gallery-title">Sommerblumen</div></div></figcaption></figure><figure class="tempo-gallery-item"><div class="tempo-gallery-thumbnail"><picture><source media="(min-width: 1690px)"	srcset="https://www.wildigarten.ch/cms/wp-content/uploads/2018/09/Rasenpflege6-420x240.jpg"><source media="(min-width: 481px)"		srcset="https://www.wildigarten.ch/cms/wp-content/uploads/2018/09/Rasenpflege6-315x180.jpg"><source media="(min-width: 316px)"		srcset="https://www.wildigarten.ch/cms/wp-content/uploads/2018/09/Rasenpflege6-420x240.jpg"><source media="(min-width: 1px)"		srcset="https://www.wildigarten.ch/cms/wp-content/uploads/2018/09/Rasenpflege6-315x180.jpg"><img decoding="async" src="https://www.wildigarten.ch/cms/wp-content/uploads/2018/09/Rasenpflege6-420x240.jpg" alt="Rasenpflege"/></picture></div><figcaption><div class="tempo-gallery-content"><div class="tempo-gallery-title">Rasenpflege</div></div></figcaption></figure><figure class="tempo-gallery-item"><div class="tempo-gallery-thumbnail"><picture><source media="(min-width: 1690px)"	srcset="https://www.wildigarten.ch/cms/wp-content/uploads/2018/02/DSC03406_gartenberatung-420x240.jpg"><source media="(min-width: 481px)"		srcset="https://www.wildigarten.ch/cms/wp-content/uploads/2018/02/DSC03406_gartenberatung-315x180.jpg"><source media="(min-width: 316px)"		srcset="https://www.wildigarten.ch/cms/wp-content/uploads/2018/02/DSC03406_gartenberatung-420x240.jpg"><source media="(min-width: 1px)"		srcset="https://www.wildigarten.ch/cms/wp-content/uploads/2018/02/DSC03406_gartenberatung-315x180.jpg"><img decoding="async" src="https://www.wildigarten.ch/cms/wp-content/uploads/2018/02/DSC03406_gartenberatung-420x240.jpg" alt="Gartenpflege"/></picture></div><figcaption><div class="tempo-gallery-content"><div class="tempo-gallery-title">Gartenpflege</div></div></figcaption></figure><figure class="tempo-gallery-item"><div class="tempo-gallery-thumbnail"><picture><source media="(min-width: 1690px)"	srcset="https://www.wildigarten.ch/cms/wp-content/uploads/2018/09/hecke_geschnitten-420x240.jpg"><source media="(min-width: 481px)"		srcset="https://www.wildigarten.ch/cms/wp-content/uploads/2018/09/hecke_geschnitten-315x180.jpg"><source media="(min-width: 316px)"		srcset="https://www.wildigarten.ch/cms/wp-content/uploads/2018/09/hecke_geschnitten-420x240.jpg"><source media="(min-width: 1px)"		srcset="https://www.wildigarten.ch/cms/wp-content/uploads/2018/09/hecke_geschnitten-315x180.jpg"><img decoding="async" src="https://www.wildigarten.ch/cms/wp-content/uploads/2018/09/hecke_geschnitten-420x240.jpg" alt="Hecke geschnitten"/></picture></div><figcaption><div class="tempo-gallery-content"><div class="tempo-gallery-title">Hecke geschnitten</div></div></figcaption></figure><figure class="tempo-gallery-item"><div class="tempo-gallery-thumbnail"><picture><source media="(min-width: 1690px)"	srcset="https://www.wildigarten.ch/cms/wp-content/uploads/2018/09/pflege_sitzplatz-420x240.jpg"><source media="(min-width: 481px)"		srcset="https://www.wildigarten.ch/cms/wp-content/uploads/2018/09/pflege_sitzplatz-315x180.jpg"><source media="(min-width: 316px)"		srcset="https://www.wildigarten.ch/cms/wp-content/uploads/2018/09/pflege_sitzplatz-420x240.jpg"><source media="(min-width: 1px)"		srcset="https://www.wildigarten.ch/cms/wp-content/uploads/2018/09/pflege_sitzplatz-315x180.jpg"><img decoding="async" src="https://www.wildigarten.ch/cms/wp-content/uploads/2018/09/pflege_sitzplatz-420x240.jpg" alt="Sanierter Sitzplatz"/></picture></div><figcaption><div class="tempo-gallery-content"><div class="tempo-gallery-title">Sanierter Sitzplatz</div></div></figcaption></figure><div class="clearfix clear"></div></div>
</div>

<p>Den Lebensraum Garten geniessen Ein Garten befindet sich das ganze Jahr über im Wandel. Grosse und kleine Zyklen vereinen sich zum Gesamten. Knospen wollen zu Blüten und Blüten zu Früchten werden.Überlassen Sie uns die Pflege und erfreuen Sie sich der Schönheit Ihres Gartens zu jeder Jahreszeit. Wo sinnvoll und möglich arbeiten wir mit akkubetriebenen Maschinen. Somit [&hellip;]</p>
