{"id":194,"date":"2017-12-28T12:29:11","date_gmt":"2017-12-28T12:29:11","guid":{"rendered":"http:\/\/www.wildigarten.ch\/cms\/?page_id=194"},"modified":"2019-05-08T13:59:19","modified_gmt":"2019-05-08T13:59:19","slug":"terrassengarten","status":"publish","type":"page","link":"https:\/\/www.wildigarten.ch\/cms\/terrassengarten\/","title":{"rendered":"Terrassengarten"},"content":{"rendered":"<h2 style=\"text-align: center;\"><strong>Ihre Oase auf definiertem Raum<\/strong><\/h2>\n<p class=\"p1\"><span class=\"s1\">Ein gut angelegter Terrassengarten bereitet l\u00e4nger Freude!&nbsp;<\/span><span class=\"s1\">Von Form- und Solit\u00e4rgeh\u00f6lzen \u00fcber Gr\u00e4ser und Stauden bis zum \u00fcppigen Sicht- und Windschutz in passenden Gef\u00e4ssen. Gestalten Sie mit uns den auf Ihre individuellen Bed\u00fcrfnisse abgestimmten Terrassengarten.&nbsp;<\/span><span class=\"s1\">Wir verwenden speziell f\u00fcr Pflanzengef\u00e4sse entwickelte Mineralsubstrate, welche das Verstopfen derer verhindern. Keine Staun\u00e4sse, weniger Frostsch\u00e4den an Gef\u00e4ssen und gute Standfestigkeit auch bei windigem Wetter sind nur einige der Vorz\u00fcge dieser Substrate.<\/span><\/p>\n<p class=\"p1\"><span class=\"s1\">In die Jahre gekommene Begr\u00fcnungen ben\u00f6tigen oft nur neues Pflanzensubstrat und die richtige N\u00e4hrstoffversorgung. Mit unseren &#8222;intelligenten&#8220; Langzeitd\u00fcngern bekommen die Pflanzen soviel wie sie brauchen, genau dann wann sie es brauchen. F\u00fcr gesundes Wachstum und kr\u00e4ftige Bl\u00fcten.&nbsp;<\/span><span class=\"s1\">Wir sind uns an Ausf\u00fchrungen im Wohnbereich gewohnt und arbeiten sauber und mit Sorgfalt. Bodenbel\u00e4ge werden entsprechend gesch\u00fctzt.<\/span><\/p>\n<div class=\"tempo-gallery tempo-gallery-colls-3\"><figure class=\"tempo-gallery-item\"><div class=\"tempo-gallery-thumbnail\"><picture><source media=\"(min-width: 1690px)\"\tsrcset=\"https:\/\/www.wildigarten.ch\/cms\/wp-content\/uploads\/2018\/09\/ahorn_terasse-e1536048784372-420x240.jpg\"><source media=\"(min-width: 481px)\"\t\tsrcset=\"https:\/\/www.wildigarten.ch\/cms\/wp-content\/uploads\/2018\/09\/ahorn_terasse-e1536048784372-315x180.jpg\"><source media=\"(min-width: 316px)\"\t\tsrcset=\"https:\/\/www.wildigarten.ch\/cms\/wp-content\/uploads\/2018\/09\/ahorn_terasse-e1536048784372-420x240.jpg\"><source media=\"(min-width: 1px)\"\t\tsrcset=\"https:\/\/www.wildigarten.ch\/cms\/wp-content\/uploads\/2018\/09\/ahorn_terasse-e1536048784372-315x180.jpg\"><img decoding=\"async\" src=\"https:\/\/www.wildigarten.ch\/cms\/wp-content\/uploads\/2018\/09\/ahorn_terasse-e1536048784372-420x240.jpg\" alt=\"F\u00e4cherahorn\"\/><\/picture><\/div><figcaption><div class=\"tempo-gallery-content\"><div class=\"tempo-gallery-title\">F\u00e4cherahorn<\/div><\/div><\/figcaption><\/figure><figure class=\"tempo-gallery-item\"><div class=\"tempo-gallery-thumbnail\"><picture><source media=\"(min-width: 1690px)\"\tsrcset=\"https:\/\/www.wildigarten.ch\/cms\/wp-content\/uploads\/2018\/09\/parrotia_terasse_1-420x240.jpg\"><source media=\"(min-width: 481px)\"\t\tsrcset=\"https:\/\/www.wildigarten.ch\/cms\/wp-content\/uploads\/2018\/09\/parrotia_terasse_1-315x180.jpg\"><source media=\"(min-width: 316px)\"\t\tsrcset=\"https:\/\/www.wildigarten.ch\/cms\/wp-content\/uploads\/2018\/09\/parrotia_terasse_1-420x240.jpg\"><source media=\"(min-width: 1px)\"\t\tsrcset=\"https:\/\/www.wildigarten.ch\/cms\/wp-content\/uploads\/2018\/09\/parrotia_terasse_1-315x180.jpg\"><img decoding=\"async\" src=\"https:\/\/www.wildigarten.ch\/cms\/wp-content\/uploads\/2018\/09\/parrotia_terasse_1-420x240.jpg\" alt=\"Formgeh\u00f6lz Persische Buche\"\/><\/picture><\/div><figcaption><div class=\"tempo-gallery-content\"><div class=\"tempo-gallery-title\">Formgeh\u00f6lz Persische Buche<\/div><\/div><\/figcaption><\/figure><figure class=\"tempo-gallery-item\"><div class=\"tempo-gallery-thumbnail\"><picture><source media=\"(min-width: 1690px)\"\tsrcset=\"https:\/\/www.wildigarten.ch\/cms\/wp-content\/uploads\/2018\/05\/Plantship-420x240.jpg\"><source media=\"(min-width: 481px)\"\t\tsrcset=\"https:\/\/www.wildigarten.ch\/cms\/wp-content\/uploads\/2018\/05\/Plantship-315x180.jpg\"><source media=\"(min-width: 316px)\"\t\tsrcset=\"https:\/\/www.wildigarten.ch\/cms\/wp-content\/uploads\/2018\/05\/Plantship-420x240.jpg\"><source media=\"(min-width: 1px)\"\t\tsrcset=\"https:\/\/www.wildigarten.ch\/cms\/wp-content\/uploads\/2018\/05\/Plantship-315x180.jpg\"><img decoding=\"async\" src=\"https:\/\/www.wildigarten.ch\/cms\/wp-content\/uploads\/2018\/05\/Plantship-420x240.jpg\" alt=\"Plantship\"\/><\/picture><\/div><figcaption><div class=\"tempo-gallery-content\"><div class=\"tempo-gallery-title\">Plantship<\/div><\/div><\/figcaption><\/figure><figure class=\"tempo-gallery-item\"><div class=\"tempo-gallery-thumbnail\"><picture><source media=\"(min-width: 1690px)\"\tsrcset=\"https:\/\/www.wildigarten.ch\/cms\/wp-content\/uploads\/2018\/09\/parrotia_terasse-420x240.jpg\"><source media=\"(min-width: 481px)\"\t\tsrcset=\"https:\/\/www.wildigarten.ch\/cms\/wp-content\/uploads\/2018\/09\/parrotia_terasse-315x180.jpg\"><source media=\"(min-width: 316px)\"\t\tsrcset=\"https:\/\/www.wildigarten.ch\/cms\/wp-content\/uploads\/2018\/09\/parrotia_terasse-420x240.jpg\"><source media=\"(min-width: 1px)\"\t\tsrcset=\"https:\/\/www.wildigarten.ch\/cms\/wp-content\/uploads\/2018\/09\/parrotia_terasse-315x180.jpg\"><img decoding=\"async\" src=\"https:\/\/www.wildigarten.ch\/cms\/wp-content\/uploads\/2018\/09\/parrotia_terasse-420x240.jpg\" alt=\"Persische Buche\"\/><\/picture><\/div><figcaption><div class=\"tempo-gallery-content\"><div class=\"tempo-gallery-title\">Persische Buche<\/div><\/div><\/figcaption><\/figure><figure class=\"tempo-gallery-item\"><div class=\"tempo-gallery-thumbnail\"><picture><source media=\"(min-width: 1690px)\"\tsrcset=\"https:\/\/www.wildigarten.ch\/cms\/wp-content\/uploads\/2018\/09\/ahorn-420x240.jpg\"><source media=\"(min-width: 481px)\"\t\tsrcset=\"https:\/\/www.wildigarten.ch\/cms\/wp-content\/uploads\/2018\/09\/ahorn-315x180.jpg\"><source media=\"(min-width: 316px)\"\t\tsrcset=\"https:\/\/www.wildigarten.ch\/cms\/wp-content\/uploads\/2018\/09\/ahorn-420x240.jpg\"><source media=\"(min-width: 1px)\"\t\tsrcset=\"https:\/\/www.wildigarten.ch\/cms\/wp-content\/uploads\/2018\/09\/ahorn-315x180.jpg\"><img decoding=\"async\" src=\"https:\/\/www.wildigarten.ch\/cms\/wp-content\/uploads\/2018\/09\/ahorn-420x240.jpg\" alt=\"Ahorn\"\/><\/picture><\/div><figcaption><div class=\"tempo-gallery-content\"><div class=\"tempo-gallery-title\">Ahorn<\/div><\/div><\/figcaption><\/figure><figure class=\"tempo-gallery-item\"><div class=\"tempo-gallery-thumbnail\"><picture><source media=\"(min-width: 1690px)\"\tsrcset=\"https:\/\/www.wildigarten.ch\/cms\/wp-content\/uploads\/2018\/05\/Polsterphlox-420x240.jpg\"><source media=\"(min-width: 481px)\"\t\tsrcset=\"https:\/\/www.wildigarten.ch\/cms\/wp-content\/uploads\/2018\/05\/Polsterphlox-315x180.jpg\"><source media=\"(min-width: 316px)\"\t\tsrcset=\"https:\/\/www.wildigarten.ch\/cms\/wp-content\/uploads\/2018\/05\/Polsterphlox-420x240.jpg\"><source media=\"(min-width: 1px)\"\t\tsrcset=\"https:\/\/www.wildigarten.ch\/cms\/wp-content\/uploads\/2018\/05\/Polsterphlox-315x180.jpg\"><img decoding=\"async\" src=\"https:\/\/www.wildigarten.ch\/cms\/wp-content\/uploads\/2018\/05\/Polsterphlox-420x240.jpg\" alt=\"Polsterphlox\"\/><\/picture><\/div><figcaption><div class=\"tempo-gallery-content\"><div class=\"tempo-gallery-title\">Polsterphlox<\/div><\/div><\/figcaption><\/figure><div class=\"clearfix clear\"><\/div><\/div>\n<p>&nbsp;<\/p>\n<p class=\"p1\"><span class=\"s1\">&nbsp;<\/span><\/p>\n","protected":false},"excerpt":{"rendered":"<p>Ihre Oase auf definiertem Raum Ein gut angelegter Terrassengarten bereitet l\u00e4nger Freude!&nbsp;Von Form- und Solit\u00e4rgeh\u00f6lzen \u00fcber Gr\u00e4ser und Stauden bis zum \u00fcppigen Sicht- und Windschutz in passenden Gef\u00e4ssen. Gestalten Sie mit uns den auf Ihre individuellen Bed\u00fcrfnisse abgestimmten Terrassengarten.&nbsp;Wir verwenden speziell f\u00fcr Pflanzengef\u00e4sse entwickelte Mineralsubstrate, welche das Verstopfen derer verhindern. Keine Staun\u00e4sse, weniger Frostsch\u00e4den an [&hellip;]<\/p>\n","protected":false},"author":1,"featured_media":369,"parent":0,"menu_order":0,"comment_status":"closed","ping_status":"closed","template":"","meta":{"footnotes":""},"_links":{"self":[{"href":"https:\/\/www.wildigarten.ch\/cms\/wp-json\/wp\/v2\/pages\/194"}],"collection":[{"href":"https:\/\/www.wildigarten.ch\/cms\/wp-json\/wp\/v2\/pages"}],"about":[{"href":"https:\/\/www.wildigarten.ch\/cms\/wp-json\/wp\/v2\/types\/page"}],"author":[{"embeddable":true,"href":"https:\/\/www.wildigarten.ch\/cms\/wp-json\/wp\/v2\/users\/1"}],"replies":[{"embeddable":true,"href":"https:\/\/www.wildigarten.ch\/cms\/wp-json\/wp\/v2\/comments?post=194"}],"version-history":[{"count":9,"href":"https:\/\/www.wildigarten.ch\/cms\/wp-json\/wp\/v2\/pages\/194\/revisions"}],"predecessor-version":[{"id":828,"href":"https:\/\/www.wildigarten.ch\/cms\/wp-json\/wp\/v2\/pages\/194\/revisions\/828"}],"wp:featuredmedia":[{"embeddable":true,"href":"https:\/\/www.wildigarten.ch\/cms\/wp-json\/wp\/v2\/media\/369"}],"wp:attachment":[{"href":"https:\/\/www.wildigarten.ch\/cms\/wp-json\/wp\/v2\/media?parent=194"}],"curies":[{"name":"wp","href":"https:\/\/api.w.org\/{rel}","templated":true}]}}

<h2 style="text-align: center;"><strong>Ihre Oase auf definiertem Raum</strong></h2>
<p class="p1"><span class="s1">Ein gut angelegter Terrassengarten bereitet länger Freude!&nbsp;</span><span class="s1">Von Form- und Solitärgehölzen über Gräser und Stauden bis zum üppigen Sicht- und Windschutz in passenden Gefässen. Gestalten Sie mit uns den auf Ihre individuellen Bedürfnisse abgestimmten Terrassengarten.&nbsp;</span><span class="s1">Wir verwenden speziell für Pflanzengefässe entwickelte Mineralsubstrate, welche das Verstopfen derer verhindern. Keine Staunässe, weniger Frostschäden an Gefässen und gute Standfestigkeit auch bei windigem Wetter sind nur einige der Vorzüge dieser Substrate.</span></p>
<p class="p1"><span class="s1">In die Jahre gekommene Begrünungen benötigen oft nur neues Pflanzensubstrat und die richtige Nährstoffversorgung. Mit unseren &#8222;intelligenten&#8220; Langzeitdüngern bekommen die Pflanzen soviel wie sie brauchen, genau dann wann sie es brauchen. Für gesundes Wachstum und kräftige Blüten.&nbsp;</span><span class="s1">Wir sind uns an Ausführungen im Wohnbereich gewohnt und arbeiten sauber und mit Sorgfalt. Bodenbeläge werden entsprechend geschützt.</span></p>
<div class="tempo-gallery tempo-gallery-colls-3"><figure class="tempo-gallery-item"><div class="tempo-gallery-thumbnail"><picture><source media="(min-width: 1690px)"	srcset="https://www.wildigarten.ch/cms/wp-content/uploads/2018/09/ahorn_terasse-e1536048784372-420x240.jpg"><source media="(min-width: 481px)"		srcset="https://www.wildigarten.ch/cms/wp-content/uploads/2018/09/ahorn_terasse-e1536048784372-315x180.jpg"><source media="(min-width: 316px)"		srcset="https://www.wildigarten.ch/cms/wp-content/uploads/2018/09/ahorn_terasse-e1536048784372-420x240.jpg"><source media="(min-width: 1px)"		srcset="https://www.wildigarten.ch/cms/wp-content/uploads/2018/09/ahorn_terasse-e1536048784372-315x180.jpg"><img decoding="async" src="https://www.wildigarten.ch/cms/wp-content/uploads/2018/09/ahorn_terasse-e1536048784372-420x240.jpg" alt="Fächerahorn"/></picture></div><figcaption><div class="tempo-gallery-content"><div class="tempo-gallery-title">Fächerahorn</div></div></figcaption></figure><figure class="tempo-gallery-item"><div class="tempo-gallery-thumbnail"><picture><source media="(min-width: 1690px)"	srcset="https://www.wildigarten.ch/cms/wp-content/uploads/2018/09/parrotia_terasse_1-420x240.jpg"><source media="(min-width: 481px)"		srcset="https://www.wildigarten.ch/cms/wp-content/uploads/2018/09/parrotia_terasse_1-315x180.jpg"><source media="(min-width: 316px)"		srcset="https://www.wildigarten.ch/cms/wp-content/uploads/2018/09/parrotia_terasse_1-420x240.jpg"><source media="(min-width: 1px)"		srcset="https://www.wildigarten.ch/cms/wp-content/uploads/2018/09/parrotia_terasse_1-315x180.jpg"><img decoding="async" src="https://www.wildigarten.ch/cms/wp-content/uploads/2018/09/parrotia_terasse_1-420x240.jpg" alt="Formgehölz Persische Buche"/></picture></div><figcaption><div class="tempo-gallery-content"><div class="tempo-gallery-title">Formgehölz Persische Buche</div></div></figcaption></figure><figure class="tempo-gallery-item"><div class="tempo-gallery-thumbnail"><picture><source media="(min-width: 1690px)"	srcset="https://www.wildigarten.ch/cms/wp-content/uploads/2018/05/Plantship-420x240.jpg"><source media="(min-width: 481px)"		srcset="https://www.wildigarten.ch/cms/wp-content/uploads/2018/05/Plantship-315x180.jpg"><source media="(min-width: 316px)"		srcset="https://www.wildigarten.ch/cms/wp-content/uploads/2018/05/Plantship-420x240.jpg"><source media="(min-width: 1px)"		srcset="https://www.wildigarten.ch/cms/wp-content/uploads/2018/05/Plantship-315x180.jpg"><img decoding="async" src="https://www.wildigarten.ch/cms/wp-content/uploads/2018/05/Plantship-420x240.jpg" alt="Plantship"/></picture></div><figcaption><div class="tempo-gallery-content"><div class="tempo-gallery-title">Plantship</div></div></figcaption></figure><figure class="tempo-gallery-item"><div class="tempo-gallery-thumbnail"><picture><source media="(min-width: 1690px)"	srcset="https://www.wildigarten.ch/cms/wp-content/uploads/2018/09/parrotia_terasse-420x240.jpg"><source media="(min-width: 481px)"		srcset="https://www.wildigarten.ch/cms/wp-content/uploads/2018/09/parrotia_terasse-315x180.jpg"><source media="(min-width: 316px)"		srcset="https://www.wildigarten.ch/cms/wp-content/uploads/2018/09/parrotia_terasse-420x240.jpg"><source media="(min-width: 1px)"		srcset="https://www.wildigarten.ch/cms/wp-content/uploads/2018/09/parrotia_terasse-315x180.jpg"><img decoding="async" src="https://www.wildigarten.ch/cms/wp-content/uploads/2018/09/parrotia_terasse-420x240.jpg" alt="Persische Buche"/></picture></div><figcaption><div class="tempo-gallery-content"><div class="tempo-gallery-title">Persische Buche</div></div></figcaption></figure><figure class="tempo-gallery-item"><div class="tempo-gallery-thumbnail"><picture><source media="(min-width: 1690px)"	srcset="https://www.wildigarten.ch/cms/wp-content/uploads/2018/09/ahorn-420x240.jpg"><source media="(min-width: 481px)"		srcset="https://www.wildigarten.ch/cms/wp-content/uploads/2018/09/ahorn-315x180.jpg"><source media="(min-width: 316px)"		srcset="https://www.wildigarten.ch/cms/wp-content/uploads/2018/09/ahorn-420x240.jpg"><source media="(min-width: 1px)"		srcset="https://www.wildigarten.ch/cms/wp-content/uploads/2018/09/ahorn-315x180.jpg"><img decoding="async" src="https://www.wildigarten.ch/cms/wp-content/uploads/2018/09/ahorn-420x240.jpg" alt="Ahorn"/></picture></div><figcaption><div class="tempo-gallery-content"><div class="tempo-gallery-title">Ahorn</div></div></figcaption></figure><figure class="tempo-gallery-item"><div class="tempo-gallery-thumbnail"><picture><source media="(min-width: 1690px)"	srcset="https://www.wildigarten.ch/cms/wp-content/uploads/2018/05/Polsterphlox-420x240.jpg"><source media="(min-width: 481px)"		srcset="https://www.wildigarten.ch/cms/wp-content/uploads/2018/05/Polsterphlox-315x180.jpg"><source media="(min-width: 316px)"		srcset="https://www.wildigarten.ch/cms/wp-content/uploads/2018/05/Polsterphlox-420x240.jpg"><source media="(min-width: 1px)"		srcset="https://www.wildigarten.ch/cms/wp-content/uploads/2018/05/Polsterphlox-315x180.jpg"><img decoding="async" src="https://www.wildigarten.ch/cms/wp-content/uploads/2018/05/Polsterphlox-420x240.jpg" alt="Polsterphlox"/></picture></div><figcaption><div class="tempo-gallery-content"><div class="tempo-gallery-title">Polsterphlox</div></div></figcaption></figure><div class="clearfix clear"></div></div>
<p>&nbsp;</p>
<p class="p1"><span class="s1">&nbsp;</span></p>

<p>Ihre Oase auf definiertem Raum Ein gut angelegter Terrassengarten bereitet länger Freude!&nbsp;Von Form- und Solitärgehölzen über Gräser und Stauden bis zum üppigen Sicht- und Windschutz in passenden Gefässen. Gestalten Sie mit uns den auf Ihre individuellen Bedürfnisse abgestimmten Terrassengarten.&nbsp;Wir verwenden speziell für Pflanzengefässe entwickelte Mineralsubstrate, welche das Verstopfen derer verhindern. Keine Staunässe, weniger Frostschäden an [&hellip;]</p>
